ide 288103706?
False
Is 272 a factor of 9542304?
True
Does 7 divide 156787652?
True
Is 33 a factor of 768833604?
True
Does 132 divide 12309124?
False
Is 35 a factor of 134228430?
True
Is 10 a factor of 3734553?
False
Does 309 divide 17796546?
True
Does 14 divide 83650651?
False
Does 75 divide 704258250?
True
Is 319721510 a multiple of 10?
True
Is 87351736 a multiple of 28?
False
Is 24 a factor of 9140448?
True
Is 49479948 a multiple of 18?
True
Does 102 divide 55572145?
False
Is 67112070 a multiple of 22?
False
Does 13 divide 161426954?
True
Is 1599 a factor of 2715046035?
True
Does 74 divide 165245503?
False
Is 1564121807 a multiple of 443?
True
Does 83 divide 83415?
True
Does 14 divide 70033554?
False
Is 43 a factor of 2987825167?
False
Is 32 a factor of 174433391?
False
Is 1011177869 a multiple of 99?
False
Is 2212536 a multiple of 11?
False
Is 256448154 a multiple of 81?
False
Does 2085 divide 128592953?
False
Is 116 a factor of 22237767?
False
Does 17 divide 2829038?
True
Is 84338002 a multiple of 120?
False
Does 81 divide 145219959?
True
Is 89 a factor of 63719611?
False
Is 149 a factor of 47197208?
False
Does 256 divide 107396901?
False
Does 630 divide 999282446?
False
Is 11525964 a multiple of 70?
False
Is 11177529 a multiple of 1502?
False
Is 2313242 a multiple of 83?
False
Does 17 divide 32856403?
False
Does 25 divide 3579587800?
True
Is 1228 a factor of 118058692?
True
Does 426 divide 77504072?
False
Does 10 divide 20210220?
True
Does 359 divide 19143413?
False
Does 594 divide 77942427?
False
Is 13936472 a multiple of 946?
True
Does 24 divide 539991931?
False
Is 19258 even?
True
Is 241758632 a multiple of 1394?
True
Is 282178089 a multiple of 42?
False
Does 10 divide 154713389?
False
Does 38 divide 2267531?
False
Does 155 divide 2419440570?
True
Does 1210 divide 13804917?
False
Is 20 a factor of 39507400?
True
Does 382 divide 349760728?
True
Is 1573 a factor of 63615266?
True
Does 52 divide 51505792?
True
Is 81 a factor of 238267818?
True
Is 1397 a factor of 226776407?
True
Is 7 a factor of 428528513?
True
Is 14278679 a multiple of 447?
False
Is 62756110 a multiple of 1488?
False
Does 29 divide 1005920480?
False
Is 17 a factor of 4172695781?
True
Is 396710424 a multiple of 3608?
True
Is 1374 a factor of 1775208?
True
Is 154 a factor of 165535317?
False
Is 87797507 a multiple of 1648?
False
Does 214 divide 20991046?
True
Does 174 divide 702097886?
False
Does 6958 divide 1920150554?
True
Does 11 divide 209318153?
True
Does 387 divide 16912287?
True
Is 26 a factor of 69920656?
True
Does 168 divide 14564256?
True
Does 7341 divide 273268725?
True
Does 3378 divide 513631656?
True
Is 6 a factor of 491866649?
False
Does 12 divide 43307652?
True
Is 10 a factor of 826013109?
False
Does 634 divide 58406616?
True
Does 3831 divide 979360671?
True
Is 4 a factor of 260578348?
True
Does 1614 divide 36876445?
False
Is 43 a factor of 2329613?
False
Is 98886194 a multiple of 2?
True
Is 67556605 a multiple of 32?
False
Does 14 divide 34629296?
False
Is 341718792 a multiple of 24?
True
Is 1090 a factor of 138364600?
True
Does 30 divide 99270974?
False
Is 700232066 a multiple of 7?
False
Is 957 a factor of 3286980106?
False
Is 327622417 a multiple of 48?
False
Does 43 divide 76943254?
True
Is 35 a factor of 1226317715?
True
Is 15288996 a multiple of 76?
True
Is 10590750 a multiple of 25?
True
Does 632 divide 65633947?
False
Does 29 divide 4415870705?
False
Does 35 divide 3542804193?
False
Is 5465717700 a multiple of 1975?
True
Is 268 a factor of 838822336?
False
Is 19 a factor of 325990543?
True
Does 2742 divide 6910695935?
False
Is 6619 a factor of 2256721574?
True
Is 726 a factor of 87881570?
False
Is 343390139 a multiple of 389?
True
Is 2233989828 a multiple of 1218?
True
Does 208 divide 53659029?
False
Does 2197 divide 303569073?
False
Is 1629 a factor of 44251785?
True
Is 35 a factor of 174565582?
False
Is 26 a factor of 239163600?
True
Is 775 a factor of 111629643?
False
Is 51 a factor of 164608635?
False
Does 146 divide 36218123?
False
Does 2 divide 2599455?
False
Is 3864765276 a multiple of 36?
True
Is 316 a factor of 18959716?
False
Is 865 a factor of 68000057?
False
Is 105546079 a multiple of 139?
False
Does 11 divide 6506995?
True
Is 13 a factor of 580482327?
False
Does 126 divide 49338828?
True
Does 521 divide 193677506?
False
Does 1049 divide 893212659?
False
Does 6 divide 6892756?
False
Is 2215858087 a multiple of 41?
False
Does 16 divide 43357113?
False
Is 780491925 a multiple of 13?
False
Does 297 divide 403920333?
False
Does 4 divide 105097455?
False
Is 11950440 a multiple of 424?
True
Is 13450206 a multiple of 316?
False
Is 190 a factor of 3422384500?
True
Does 1476 divide 224435716?
False
Does 902 divide 12503104?
False
Does 149 divide 101302864?
False
Is 1880 a factor of 1197435920?
True
Does 412 divide 1239139028?
True
Is 7535590 a multiple of 24?
False
Is 33 a factor of 1009536?
True
Does 5 divide 4157910?
True
Does 311 divide 7867922?
False
Does 9 divide 329054660?
False
Is 6333 a factor of 166849218?
True
Does 485 divide 192799140?
True
Does 14 divide 1142118824?
True
Is 11 a factor of 501112923?
False
Is 2021 a factor of 14997841?
True
Is 7089816 a multiple of 24?
True
Is 350829171 a multiple of 147?
True
Is 50452313 a multiple of 92?
False
Is 101 a factor of 16223992?
False
Is 1865 a factor of 60181685?
True
Is 4881 a factor of 2498487464?
False
Is 82 a factor of 203720139?
False
Is 13 a factor of 7713462860?
False
Is 653 a factor of 140547149?
True
Does 242 divide 7136338?
True
Is 325799017 even?
False
Does 2917 divide 206490831?
False
Is 43 a factor of 5913997?
False
Does 45 divide 680325?
False
Is 432 a factor of 15000436?
False
Is 59185629 a multiple of 40?
False
Is 4 a factor of 272851500?
True
Is 132 a factor of 748178508?
True
Is 26855780 a multiple of 14?
True
Is 32 a factor of 1078208?
True
Does 243 divide 7024887?
True
Is 21910158 a multiple of 10?
False
Is 11284770 a multiple of 493?
True
Is 8 a factor of 38765568?
True
Is 30715665 a multiple of 355?
True
Is 54 a factor of 20339478?
True
Is 25174512 a multiple of 1584?
True
Is 185328198 a multiple of 99?
True
Does 763 divide 9706886?
True
Does 101 divide 41665791?
False
Does 29 divide 22557511?
False
Is 74381996 a multiple of 52?
True
Does 1832 divide 69542720?
True
Does 4 divide 47888464?
True
Does 28 divide 8201229?
False
Does 2455 divide 1006412520?
True
Is 185 a factor of 80396658?
False
Is 938 a factor of 56403816?
True
Is 366 a factor of 19129722?
True
Is 37567627 a multiple of 142?
False
Does 39 divide 820534893?
False
Does 33 divide 3881109804?
True
Is 77 a factor of 13984915?
False
Is 1947011953 a multiple of 50?
False
Is 403 a factor of 136298151?
False
Does 870 divide 72139675?
False
Is 60172002 a multiple of 1518?
True
Is 13523808 a multiple of 12?
True
Is 651321 a multiple of 297?
True
Is 41 a factor of 4537082878?
True
Is 1433403872 a multiple of 32?
True
Does 37 divide 390494464?
False
Is 900337964 a multiple of 2459?
False
Is 7276044 a multiple of 180?
False
Is 2562859671 a multiple of 836?
False
Is 5 a factor of 47176140?
True
Does 84 divide 113499636?
False
Does 165 divide 206131?
False
Is 1071041650 a multiple of 14?
True
Does 1069 divide 15225767?
True
Is 44278740 a multiple of 4066?
True
Is 100395575 a multiple of 359?
False
Does 820 divide 24817644?
False
Is 7437976 a multiple of 364?
True
Is 2873865634 a multiple of 13?
False
Does 32 divide 112453472?
True
Is 594 a factor of 1240972456?
False
Does 9165 divide 520014724?
False
Is 84680275 a multiple of 3805?
True
Is 23872230 a multiple of 9?
True
Is 7 a factor of 106830017?
True
Does 3315 divide 82231890?
True
Is 56 a factor of 37369864?
True
Is 106 a factor of 76826680?
True
Is 4443606 a multiple of 142?
True
Does 822 divide 89828982?
True
Does 946 divide 3565326158?
False
Does 5 divide 1283934?
False
Is 307460170 a multiple of 3730?
True
Is 5 a factor of 26921037?
False
Is 1417846129 a multiple of 2770?
False
Does 139 divide 161007972?
False
Is 965 a factor of 825356957?
False
Is 156 a factor of 2984503?
False
Does 37 divide 706602?
False
Does 1361 divide 59232081?
True
Is 56421270 a multiple of 2?
True
Does 55 divide 287011396?
False
Is 821 a factor of 22135802?
True
Is 305083978 a multip